 is the units digit of g?
7
Suppose 4*k = -3*c + 2960, -335 - 405 = -k + 3*c. What is the units digit of k?
0
Suppose -d - 2*m = -1245, -15*m + 13*m = 3*d - 3735. What is the units digit of d?
5
Let z = 1907 + -417. What is the thousands digit of z?
1
What is the units digit of (-39)/13 - (-24*7 + 1)?
4
Let h(m) = -m + 2*m + 0*m + 1 + 7*m**2 - 6*m**2. Let g be h(-2). What is the tens digit of 13 + (g/(-3) - 1)?
1
What is the units digit of (17/34 + 9*-65)*-2?
9
Let r(u) = 3*u**3 - 5*u**2 - 2*u + 1. Let n be r(4). Suppose -2*a = -2, -h = -5*h - 5*a + n. What is the units digit of h?
5
Let j(x) = -x**2 + 4*x + 12. Let l be j(5). Suppose -2*z - l = -69. What is the units digit of z?
1
Suppose y + 113 = -2*s, -155 = y - 2*s - 54. Let f = y - -163. What is the tens digit of f?
5
Suppose m - 42 - 9 = 2*v, v - 2*m + 18 = 0. Let n = 10 + v. What is the units digit of (90/n)/(10/(-12))?
6
Let r = -92 + 93. What is the units digit of r?
1
Suppose 6*d + 18 = 3*d. What is the units digit of (-140)/21*d/5?
8
Let h(b) = -b**2 + 15*b - 7. Let p be h(14). What is the units digit of 1*(p + 5/(-5))?
6
What is the tens digit of (1248/36)/((-4)/3 + 2)?
5
Suppose -4176 = -3*j - 317*g + 321*g, g = -4*j + 5549. What is the hundreds digit of j?
3
Suppose -3*h + 8 = 26. Let t(w) = -5*w**2 - 6*w + 7. Let z(u) = 14*u**2 + 17*u - 20. Let r(s) = h*z(s) - 17*t(s). What is the tens digit of r(5)?
2
Let k = 7456 - 4411. What is the hundreds digit of k?
0
Let r = 479 - 310. What is the units digit of r?
9
Let o be ((-30)/4)/((-7)/4 + 1). What is the hundreds digit of (-1 + 918/o)/((-4)/(-10))?
2
Suppose -3*z = z. Suppose -5*l - h + 90 = z, 0*l - h - 72 = -4*l. What is the units digit of 12/8*2 + l?
1
Suppose -26*c = 28*c - 94338. What is the hundreds digit of c?
7
Suppose -49*l - 1287 = -i - 51*l, 0 = 4*i + 3*l - 5123. What is the thousands digit of i?
1
Let h = -1359 + 1695. What is the hundreds digit of h?
3
Suppose i - 623 = 141. What is the tens digit of i?
6
Suppose -3*f - 2176 = -11*f. Suppose -128 = -4*x + f. What is the hundreds digit of x?
1
Suppose -g + 11 = -12. Let b = g - 21. What is the units digit of (b/6)/(4/156)?
3
Suppose -x - 18 = -4*x + 3*p, 3*x = -p + 6. Suppose -l - 7 = x. What is the tens digit of (36/10)/(l/(-75))?
2
Suppose 63*r - 8*r - 44110 = 0. What is the tens digit of r?
0
Let j be 3/(9/12)*-2. Let u = 8 + j. Suppose -4*i - 16 = -q - i, u = 5*q + 2*i - 97. What is the tens digit of q?
1
Let i(c) = -2*c**2 + 4*c + 4. Let p(l) = 2*l**2 - 5*l - 3. Let y(s) = -5*i(s) - 4*p(s). What is the hundreds digit of y(-8)?
1
Suppose 6*d - 5247 - 117 = 0. What is the units digit of d?
4
Let q = 1806 + -1052. Let x = q + -532. What is the hundreds digit of x?
2
Let p(f) = 160*f - 316*f + 153*f - 2. Let g = 3 + -5. What is the units digit of p(g)?
4
Let a = -51 - -113. Suppose -2*o = -4*o + a. What is the tens digit of o?
3
Let x be (5 - 1) + (-31)/((-93)/7308). Let d(r) = r**3 - 2*r**2 - 2. Let f be d(-2). What is the units digit of (-4)/f + x/36?
8
Let u be (-18)/(-12)*(4 + -2). Let a(n) = -n + 33. Let h be a(0). What is the units digit of (-1 + 2)*h/u?
1
Suppose 0 = -f - 2*q - 5, f = -4*f - q - 16. Let x = f + 3. Suppose 3*s - 2*p - 100 = x, -4*p - 54 = 3*s - 160. What is the units digit of s?
4
Suppose 0 = -h + 5, 5*o - 6*o + 5*h = -241. What is the units digit of o?
6
Let q be (-2)/(-7) - (-89)/7. Suppose 4*l - 63 = q. What is the tens digit of l?
1
Suppose 4*h = -2*w, -h - 10 = h. Suppose -3*f - w*f + 1248 = 0. What is the tens digit of f?
9
Let u be 90/(1 + 36/(-44)). Suppose -5*x + 635 = -u. What is the hundreds digit of x?
2
Suppose 0 = -12*f - f + 9087. What is the tens digit of f?
9
Let h = -101 + 163. Let s = 151 - h. What is the tens digit of s?
8
Suppose -c = z + 1 - 2, 1 = 2*c + 3*z. Suppose -3*q + 49 = -c*q. What is the units digit of q?
9
What is the units digit of 30999/39 + (-4)/(-26) - 1?
4
Let z(q) be the third derivative of -q**4/24 - 5*q**2. Let w(f) = 15*f + 1. Let v(x) = -w(x) - 4*z(x). What is the tens digit of v(-3)?
3
What is the units digit of (-19176)/(-24) - (0 - -2)?
7
Let i = 260 - 257. What is the units digit of i?
3
Let d(x) = 4*x**2 + x. Let z be d(-1). Suppose 0 = -4*r + 2*h + 110, -5*r + 127 = 4*h - z*h. What is the tens digit of r?
2
Let x = 125 - 106. Suppose -26*j + 679 = -x*j. What is the tens digit of j?
9
Suppose -z = -5*i + 951, z = -6*i + 4*i + 379. What is the tens digit of i?
9
Let t be (-1 + 9/15)*-5. Suppose t*r - 86 = -0*r. Let z = r + -26. What is the tens digit of z?
1
Let n(q) = 2*q**3 - 9*q**2 + 5*q - 13. What is the hundreds digit of n(7)?
2
Let f be 6*(-2)/4 + 35. Let y = f - -21. Let t = 77 - y. What is the tens digit of t?
2
Suppose -5*n + 20 = 0, 4*q = q + 2*n + 478. What is the hundreds digit of q?
1
Let g be (187 + 5)*1/3. What is the units digit of (-6)/(-15) - g/(-40)?
2
What is the tens digit of 139*(6 - 3)*1?
1
Let b(s) = -s**3 - 5*s**2 - 10*s - 12. Suppose 0 = 6*i + 2*i + 48. What is the units digit of b(i)?
4
Let y(v) = v**2 - 11 - 4*v - 4*v - 4 - 5*v. What is the tens digit of y(-8)?
5
Let y = -1 - -5. Suppose -39 = -y*x + 41. Let s = x + -15. What is the units digit of s?
5
Let m = -31 - -43. Let a(s) = -4 + 1 - 4*s + 16 + 3*s. What is the units digit of a(m)?
1
Suppose 5*r = t - 9, 2*r = -11 + 5. Let z be (21/t + 2)*-4. Suppose 0 = z*a - 11*a + 180. What is the units digit of a?
6
Let i(p) = -8 - 5*p + 7 - p - 5*p**2 + 3 + p**3. What is the units digit of i(6)?
2
Let n = -779 - -1590. Suppose -656 = -9*p + n. What is the units digit of p?
3
Let t(i) = -2*i - 13. Suppose -5*u + 25 - 70 = 0. Let h be t(u). Suppose -5*p - 105 = -h*l, -2*l - l + 2*p + 64 = 0. What is the units digit of l?
2
Let i be (2 + -1)*-62*-1. Let m = 112 - i. Suppose -c = 4*c - m. What is the units digit of c?
0
Suppose -2*q = -5*p - 18, -2*p - 5 = -3*q - 0. Let b be 18/9*(-40)/q. Let h = b + -46. What is the tens digit of h?
3
Let q(u) = -5*u**2 + u - 5. Let f be q(-4). Let g = 209 + f. Suppose 0*a + 5*a = g. What is the tens digit of a?
2
Let i = 481 + -411. What is the units digit of i?
0
Let t(d) be the first derivative of 2*d**3 - 3*d**2/2 + 3*d - 6. What is the tens digit of t(4)?
8
Let f(l) = -9*l**3 + l**2 + 2*l - 3. What is the units digit of f(-4)?
1
Let c = 72 + -64. Suppose -c*n = 6*n - 2534. What is the units digit of n?
1
Let h(a) = 2*a**3 - 17*a**2 - 7*a - 6. Let i be h(9). Suppose -5*g = -33 - i. What is the units digit of g?
9
Suppose 42146 = -98*h + 111*h. What is the tens digit of h?
4
Let w(d) = -2*d + 24. Let k be w(9). Suppose -k*u + 90 = 12*u. What is the units digit of u?
5
Let k = -8479 + 11971. What is the units digit of k?
2
Let n(z) = -5*z - 19. Let q be n(-4). What is the units digit of 54 + (27/(-36) - q/4)?
3
Let r(w) = -51*w**3 + 2*w**2 + w. Let f be r(-1). Let i be f/(-91) - (-6)/(-14). Let y = i + 39. What is the tens digit of y?
3
Let f be ((-16)/24)/(2/66). Suppose 0 = -3*q, -2*q + 20 + 18 = -p. Let w = f - p. What is the units digit of w?
6
Suppose 2*u - u - 2 = 3*b, -5*b + 5*u = 0. Let q be (b - 0)*(0 + -1). Suppose -4*r = 4*f - 24, 2*r - 5*f - q = -10. What is the units digit of r?
3
Let z = 2389 + -1621. What is the hundreds digit of z?
7
What is the hundreds digit of 10364*(63/(-36) - -2)?
5
Let a(r) = r**3 + 19*r**2 - 19*r - 15. Let d be a(-20). What is the units digit of 7 + 1 - d/(-7)?
3
Let q(x) be the second derivative of x**5/20 + x**4/12 + x**3/6 + 7*x**2/2 - x. Let g(r) = -r**2 + 7*r - 6. Let c be g(6). What is the units digit of q(c)?
7
Let f be (12/(-42))/(3/(-21)). Let i(l) = 15*l**2 - 1. What is the units digit of i(f)?
9
Let m = -27 - -29. Suppose -14 - 34 = -m*x. Suppose 6*t = 4*t + x. What is the units digit of t?
2
Let g be -4*(756/(-8))/7. Suppose -g + 0 = -2*n. What is the tens digit of n?
2
Let q(c) be the third derivative of c**6/120 - c**5/12 + 7*c**4/12 - c**3/3 + 16*c**2. What is the units digit of q(6)?
8
Let w(l) = -l**3 + 16*l**2 + 16*l + 17. Let a be w(17). Let y be a + 2 + 4 - 4. Suppose -k + y = -35. What is the units digit of k?
7
Let c be 3 - 3/(-6)*-28. Let d(m) = -m + 18. What is the units digit of d(c)?
9
Let t be 3 - (-8)/(-5 - -3). What is the tens digit of (-3 - -2)*(t - 46)?
4
Let p(u) = 15*u + 9. Let f be p(-1). What is the tens digit of -3